1947. List the prime factors of c.
3, 7
Suppose q - 12004 = 3*b, -60156 = -8*q + 3*q - 2*b. What are the prime factors of q?
2, 31, 97
Let g(y) be the second derivative of 109*y**4/12 + y**3/3 + y**2 - 2*y - 28. List the prime factors of g(-3).
977
Let n = 5236 - -14276. List the prime factors of n.
2, 3, 271
Suppose -4601 = 5*t + 4*f, 2*f = -3*t + 3*f - 2747. What are the prime factors of (t/21 - 2)/((-1)/3)?
137
Suppose 5*z - 1182 = -2*a - a, 5*z + a - 1184 = 0. Suppose -z + 22 = -5*k. List the prime factors of k.
43
Let l(g) = 40*g + 1013. What are the prime factors of l(-18)?
293
Suppose 0 = -3*d + 4*d - 4. Suppose d*g = -3*a + 13, -3*g + 4 = 5*a - 14. What are the prime factors of 3/g + (52 - 5)?
2, 5
Suppose 0 = -a - 69 + 71. Suppose -5*s - 6 = -5*u - 1, 5*s - a*u - 7 = 0. Suppose -5*j - 71 + 340 = 3*f, s*f = 3*j + 237. List the prime factors of f.
83
Suppose 2*q = -2*y - 133 + 799, 329 = q + 3*y. Suppose -205 = -t + q. What are the prime factors of t?
2, 3, 5
Suppose -8*w = -15*w + 34909. List the prime factors of w.
4987
Let r(b) = -15*b + 229. Let f be r(13). Suppose f*n - 33*n = 4*x + 1290, 3*n = -3*x + 3930. List the prime factors of n.
2, 653
Suppose -15024 = 3*o + 2*y, 4*y + 13342 - 3326 = -2*o. What are the prime factors of 6/9 + -2 + o/(-12)?
2, 13
Let a(v) be the first derivative of 3*v**2/2 + 13*v - 16. Let w be a(-3). Suppose 160 = w*h - 80. List the prime factors of h.
2, 3, 5
Let h be ((-2924)/(-43))/(46/(-22) + 2). Let p = h - -1031. List the prime factors of p.
283
Let l be (-52)/((-4)/(-15) - (-4)/(-6)). Suppose -136*u + 1926 = -l*u. List the prime factors of u.
3, 107
Suppose 0 = -3*f - 9, -4*f + 10751 = -2*i - 12189. What are the prime factors of (i/95)/((-4)/10)?
2, 151
Let k(w) = 70*w**3 + 3*w**2 - 3*w - 2. Let p be 53/(-106) - 10/(-4). What are the prime factors of k(p)?
2, 3, 47
Let u(r) = 4*r**3 - 4*r**2 + 5*r - 1273. Let d(x) = 3*x**3 - 4*x**2 + 4*x - 1274. Let k(i) = -3*d(i) + 2*u(i). What are the prime factors of k(0)?
2, 11, 29
Let o(w) = -6*w**3 - 3*w**2 - 4*w - 1. Let x be o(-3). Let c = -140 + x. What are the prime factors of c?
2, 3
Let m = -24731 - -55598. What are the prime factors of m?
3, 10289
Suppose -4*r = -5*k + 17512, -5588 = -3*k + 4*r + 4924. Suppose -9*p + k = -973. List the prime factors of p.
7, 71
Let g(t) = t**3 + 8*t**2 - 14*t - 14. Let h be (1 - -6)*(-12 + 3 + 10). List the prime factors of g(h).
7, 89
Let o be (-13)/5 + 2 - 324/135. List the prime factors of (6 - o) + -6 - (-824)/2.
5, 83
Let y = 2271 - -1248. List the prime factors of y.
3, 17, 23
Let v(j) be the second derivative of -36*j - 7*j**3 + 0 - 5/2*j**2. List the prime factors of v(-2).
79
Let n(c) = -1374*c - 726. List the prime factors of n(-41).
2, 3, 7, 331
Let a be (-3 + 1 - (-693)/(-42))*2. Let t(j) = -29*j - 2. What are the prime factors of t(a)?
3, 7, 17
Suppose 2*a - 936 = 15*a. Let h = a - -75. List the prime factors of (-74 + h)*-1 + -1.
2, 5, 7
Let s(z) = 29*z**3 + 15*z**2 + 8*z - 131. What are the prime factors of s(11)?
3, 13457
Let t be (0/(-3) + 3)*(-6)/9. What are the prime factors of (-18778)/123*(1/2 + t)?
229
Suppose -3*m + 3109 = p, m - 1514 + 4627 = p. List the prime factors of p.
2, 389
Let p(k) = -k**3 + 19*k**2 - 22*k - 19. Let a be p(17). Let w be (126/24)/(-7) + 1050/(-8). Let n = a + w. What are the prime factors of n?
53
Suppose 0 = 17*g - 2*g + 23595 - 324900. What are the prime factors of g?
53, 379
Let h = -243 - -482. Let i = 299 + h. What are the prime factors of i?
2, 269
Let c(o) = o**3 - 21*o**2 + 30*o - 12. Suppose -18 = 3*j - 4*h - 74, -j - h + 21 = 0. List the prime factors of c(j).
2, 47
Suppose r + 3*n - 5172 = 0, 5*n = -18*r + 22*r - 20688. List the prime factors of r.
2, 3, 431
Suppose 7*g + 2650 = 3077. Suppose -g*q + 9860 = -44*q. List the prime factors of q.
2, 5, 29
Suppose 10*a - 70902 + 22756 = 46574. List the prime factors of a.
2, 37
Suppose -2*n = -2*b - 60240, 2*b - 60244 = 253*n - 255*n. List the prime factors of n.
7, 13, 331
Let s be 204 - -7 - (2 + -4). Suppose -3*u + 5*t + 594 = -s, -810 = -3*u + 4*t. Suppose 2*y = 2*h + 268, -2*y + h = -u + 10. What are the prime factors of y?
2, 5, 13
Suppose -4*f + 3*x + 1302 = 0, -f - 5*x = 57 - 371. Suppose -u + h + f = 0, 3*u + 5*h - 7*h = 976. What are the prime factors of u?
2, 41
What are the prime factors of (324/(-1188))/(2/(-4642))?
3, 211
Let q(t) = -t**2 + t + 6. Let j be q(2). Let u be (4/6)/((j + 4)/24). Suppose 0 = -5*k - g + 466, 3*g = 4*k + u*g - 380. List the prime factors of k.
2, 47
Let g(v) = 45170*v**2 - 686*v + 687. List the prime factors of g(1).
3, 7, 239
Let h(w) = -w**2 - 23*w + 26. Let v(k) = k**3 - 11*k**2 - 3*k + 12. Let g be v(11). Let o be h(g). Suppose 2*t - 38 = o. List the prime factors of t.
53
List the prime factors of (-72)/162 - (-3349328)/72.
2, 3, 7753
Let p = -13628 + 23731. List the prime factors of p.
10103
Let v(n) = -7*n**2 - 2*n + 2. Let d be v(2). Let c = -30 - d. Suppose c = -5*a - 2*k + k + 785, -5*k - 471 = -3*a. List the prime factors of a.
157
Suppose -6 = -119*w + 125*w. What are the prime factors of ((125 - w) + 1)*(-6)/(-6)?
127
Suppose 82 = -b - 4*o, 4*b + 0*b + 256 = 2*o. List the prime factors of (-11)/(b/852) - 3.
139
Let h = 143 + -442. Let c = -73 - h. List the prime factors of c.
2, 113
Let b = -906 - -950. Let o be (-3)/(-2)*(-4)/6. Let k = b - o. What are the prime factors of k?
3, 5
Let v = 1206 + -861. Suppose v + 103 = t. List the prime factors of t.
2, 7
Suppose 0 = -6*q + q - 2*q. Suppose -2*g = -q*g - 362. What are the prime factors of g?
181
Suppose -4*p = 3*c - 30901, -5*p + 17730 = 5*c - 20900. List the prime factors of p.
7723
Let p = 490 - 93. Suppose -3*c - f = c - p, 0 = 4*c - 5*f - 391. Let i = 306 - c. List the prime factors of i.
3, 23
Suppose 4*d + 2*i = 9*d - 11934, 0 = 2*d - 2*i - 4770. List the prime factors of d.
2, 3, 199
Suppose -497 = -o - 6. Let h be (-3)/(-6) + o/2. Suppose 21 + h = 3*c. List the prime factors of c.
89
Suppose -2*a + n + 13239 = 0, -4*a - 2*n + 3090 = -23368. List the prime factors of a.
13, 509
Let u = 1776 - 2714. Let h = 2388 + u. List the prime factors of h.
2, 5, 29
List the prime factors of (48126/15)/((-8)/(-20)).
13, 617
Let d(j) = -3*j**2 - 5*j + 9. Let o be d(-7). Let b = 109 + o. What are the prime factors of 3/(-7)*-151 - b/(-21)?
5, 13
Suppose 3*y - 7*y = 36. Let g be 188/(-5) + y/(-15). Let x = g - -84. List the prime factors of x.
47
Suppose -4*w = -5*x + 14555, -4*x - 4*w = w - 11603. Suppose -3*v + 2154 = -3*i, 3*v + x = 7*v + 3*i. List the prime factors of v.
3, 241
Suppose p = -27*a + 30*a - 22191, 3*p - 22179 = -3*a. What are the prime factors of a?
2, 43
List the prime factors of (2 + 5/(-2))*(-448514)/(21 + -2).
11, 29, 37
Suppose -2*f + 3*o = 342, 0 = -5*f - 5*o - 1036 + 206. Let n = f + 280. What are the prime factors of n?
2, 7
Let i(a) = 14*a + 30. Suppose 3*l - 7 = 5, -3*l = -u + 10. List the prime factors of i(u).
2, 13
Let i be (-72)/15*(-250)/(-15). What are the prime factors of -1 + i/((-10)/4 - -2)?
3, 53
List the prime factors of (-480096)/(-22) - (-61)/((-3355)/30).
2, 3, 3637
Suppose 0 = 2*u - 4*f - 34, f + 27 = 5*u - 67. Suppose -24*x = -u*x - 4745. What are the prime factors of x?
13, 73
Let m(d) = -4*d**2 + 5*d - 21 - 2*d + 15*d**2 - 22. List the prime factors of m(-7).
5, 19
Let j = -115 + 117. Suppose 3*x - 1287 - 592 = 2*w, j*x - 5*w = 1271. List the prime factors of x.
7, 89
Let f be -3*(-5)/(-45) - 676/(-12). Suppose 53*h = f*h - 888. What are the prime factors of h?
2, 37
Let l = 3 + -3. Suppose 0 = 20*f + 81 - 121. Suppose l*z - 164 = -f*z. What are the prime factors of z?
2, 41
Suppose -4*n + 2*k = -3*n - 18, -54 = -5*n - 2*k. Let i be (6 + -148 + -8)/((-12)/200). Suppose -i = 2*w - n*w. What are the prime factors of w?
2, 5
Let p(j) = 14*j - 80. Let t be p(6). Suppose 2*n + 0*n = 0. Suppose -t*o + 534 - 34 = n. List the prime factors of o.
5
Suppose 4*f - 4*m = 174484, -2*m - 172167 - 2321 = -4*f. List the prime factors of f.
3, 37, 131
Suppose 3*i = -14*i - 2*o + 775393, 3*i = 2*o + 136827. What are the prime factors of i?
17, 2683
Let u = -276 - -194. Let k = -55 - u. List the prime factors of k + -4*1/1.
23
Suppose f - 45703 = -44*p + 40*p, -5*f = 3*p - 34307. List the prim